 - -4?
156a984
In base 13, what is 2 - 78c60?
-78c5b
In base 16, what is 23239a + 0?
23239a
In base 12, what is -1a30 + ab018?
a91a8
In base 2, what is -1000011010101 - 1001100101?
-1001100111010
In base 15, what is -4b79b9 + -2?
-4b79bb
In base 3, what is 1102110 + 121111220?
122221100
In base 14, what is -94 - 55800b?
-5580a1
In base 13, what is a7a + 60?
b0a
In base 6, what is -10001234 + 0?
-10001234
In base 10, what is -4767125 - 4?
-4767129
In base 6, what is -2521013 - 2031?
-2523044
In base 8, what is -216710 + 4211?
-212477
In base 3, what is -10210212110222 - 1?
-10210212111000
In base 7, what is 31310 + -4213?
24064
In base 7, what is 1040155102 - -5?
1040155110
In base 5, what is -243 - -3002034414?
3002034121
In base 3, what is -2000111120211 + 11?
-2000111120200
In base 9, what is 246 - 5036351?
-5036104
In base 15, what is -229e + 3cc?
-1dc2
In base 8, what is 27 + -5272201?
-5272152
In base 10, what is -1686 + -35369?
-37055
In base 3, what is -11121101111 - 201?
-11121102012
In base 14, what is -863808 - -3?
-863805
In base 16, what is -6acd5a + 2?
-6acd58
In base 14, what is -30da + 1a062?
16d66
In base 10, what is -195796 - -2763?
-193033
In base 4, what is -32002222 + 22123?
-31320033
In base 5, what is 2 - 1021013222?
-1021013220
In base 4, what is -3000222 + -1111?
-3001333
In base 10, what is 1000 + -171183?
-170183
In base 10, what is -1575787 + 46?
-1575741
In base 14, what is 19259 - -18a8?
1ab23
In base 2, what is -101 + 111001110000010110001?
111001110000010101100
In base 7, what is 451032 - -1661?
453023
In base 5, what is -3 + -2301020431?
-2301020434
In base 8, what is -201256 - 1360?
-202636
In base 8, what is 3 - -225257303?
225257306
In base 7, what is 603204232 + 2?
603204234
In base 10, what is 110164 + 202?
110366
In base 13, what is -4338b1 + 18?
-433896
In base 2, what is -1000100001001111111000 - 100?
-1000100001001111111100
In base 16, what is 2e - -2ad9a?
2adc8
In base 15, what is -320 - 2d2?
-602
In base 15, what is 1e6 - -2e797?
2e98d
In base 15, what is -3 - 601c02?
-601c05
In base 13, what is 684 + -a6540?
-a5b89
In base 6, what is 1414213220 - 33?
1414213143
In base 13, what is 160 - -28bb8?
29048
In base 8, what is 237 - -50666?
51125
In base 5, what is -34130 + -302141?
-341321
In base 16, what is -167c - -18560?
16ee4
In base 5, what is -13041101 + 113?
-13040433
In base 10, what is -9728211 - -9?
-9728202
In base 14, what is 8 + b181537?
b181541
In base 10, what is -917 - -69?
-848
In base 8, what is -1031473 + -3?
-1031476
In base 13, what is a1 + a8a2?
a973
In base 11, what is 1 - a5a09a0?
-a5a099a
In base 6, what is 0 + 3415424505?
3415424505
In base 13, what is -2 + 22ca1b32?
22ca1b30
In base 2, what is 11 - -1001010011110001100100?
1001010011110001100111
In base 12, what is -1a4b93 - 939?
-1a5910
In base 2, what is -1110001000 + 10010000101000111?
10001110110111111
In base 11, what is 3485476 + 7?
3485482
In base 13, what is 7c25b0 + -1?
7c25ac
In base 11, what is 967190 - 14?
967177
In base 5, what is 12013131224 + -20?
12013131204
In base 6, what is 250221 + -3352?
242425
In base 3, what is 22011 - -1010001202212?
1010002002000
In base 4, what is 10 - 10222103133112?
-10222103133102
In base 13, what is -176b4 + 234?
-17480
In base 13, what is 26a19a1a + 5?
26a19a22
In base 8, what is -253464 - 331?
-254015
In base 15, what is -b73 - -40ee?
347b
In base 10, what is 5 + 5194547?
5194552
In base 13, what is 40cb7c + -12?
40cb6a
In base 12, what is 113 + -16138?
-16025
In base 8, what is 72 + -1417?
-1325
In base 13, what is -312 - 582c00?
-583212
In base 11, what is -247 + 1a59992?
1a59746
In base 14, what is -87 - 92d88c?
-92d935
In base 14, what is -160 + 3d40?
3bc0
In base 13, what is 0 + -b7c37a8?
-b7c37a8
In base 14, what is 1 - 1686b9d?
-1686b9c
In base 9, what is 1655520 - -181?
1655711
In base 8, what is -1457122335 - -2?
-1457122333
In base 6, what is 111052153 - -23?
111052220
In base 15, what is d96e4e + -6?
d96e48
In base 10, what is 4 - 991257?
-991253
In base 16, what is 36 - 2bca98?
-2bca62
In base 13, what is -3287a8 - -a?
-32879b
In base 9, what is 428 - -51418?
51847
In base 13, what is -a2 - -87ac?
870a
In base 3, what is 2211210 + 10220111010?
11000022220
In base 13, what is -394b01 - -33b?
-394793
In base 4, what is -10033111 - -122?
-10032323
In base 8, what is -100 + 1134332?
1134232
In base 2, what is -100100001100 + 1011111010111?
111011001011
In base 5, what is 3044020434 - 2?
3044020432
In base 10, what is -5 + -4021610?
-4021615
In base 14, what is 0 - -c80d312?
c80d312
In base 11, what is -33 - 763624?
-763657
In base 12, what is -55 - -739a098?
739a043
In base 4, what is 0 + 102020301112?
102020301112
In base 5, what is -1 - 342310014314?
-342310014320
In base 10, what is -31 + -5370241?
-5370272
In base 5, what is 10011 + 13043243?
13103304
In base 7, what is -1056 + -113156?
-114245
In base 12, what is 569 + -2b16?
-2569
In base 11, what is -13 - -15a4a66?
15a4a53
In base 8, what is 5633 - 102455?
-74622
In base 12, what is a302 - 25b?
a063
In base 9, what is 74177072 - 1?
74177071
In base 5, what is 1343324013 + -10?
1343324003
In base 6, what is 1455523052 + -4?
1455523044
In base 9, what is 66745127 - -4?
66745132
In base 6, what is -210010 + 5035?
-200531
In base 15, what is 0 - -6509d7?
6509d7
In base 10, what is -5 + 1959972?
1959967
In base 9, what is 84 - 307817?
-307723
In base 4, what is -121 + -201003011?
-201003132
In base 8, what is -2 - 305115416?
-305115420
In base 3, what is 1 + 2122120100201?
2122120100202
In base 3, what is 1020201000011 - -212?
1020201001000
In base 9, what is 2 - -73537147?
73537150
In base 2, what is 1100 + 1101100100011110110011000?
1101100100011110110100100
In base 14, what is 38 - 57275?
-5723b
In base 10, what is -378 + 20674?
20296
In base 12, what is -5 + 8293428?
8293423
In base 2, what is -101 + 10001000100100101110110?
10001000100100101110001
In base 3, what is -2010 - 222100101012?
-222100110022
In base 10, what is 145215 + 503?
145718
In base 11, what is -157000 - 4971?
-160971
In base 14, what is 2a67 - -b142?
dba9
In base 10, what is -25196687 + 10?
-25196677
In base 9, what is 5 - -1358763?
1358768
In base 6, what is -1305525 + 113?
-1305412
In base 15, what is -2867 + -220?
-2a87
In base 8, what is 506374 - 714?
505460
In base 13, what is a56113 - 3b?
a560a5
In base 6, what is 441120015 - -122?
441120141
In base 12, what is 42ba86 + -96?
42b9b0
In base 16, what is -2e4 + -e98e5?
-e9bc9
In base 7, what is -1124466 + 354?
-1124112
In base 12, what is -1828522a - -6?
-18285224
In base 5, what is 1004 - -4010200?
4011204
In base 4, what is 12330013312 - -302?
12330020220
In base 5, what is 130010304211 - -2?
130010304213
In base 9, what is 24151843 + 0?
24151843
In base 3, what is -1 + 112000020011120?
112000020011112
In base 14, what is -7a - -46d37?
46c9b
In base 3, what is -122102202020 + -10022?
-122102212112
In base 13, what is 4b70 - 73ac?
-253c
In base 8, what is -1 + 21741275?
21741274
In base 13, what is -2398 + -134?
-24cc
In base 5, what is -22213 - -1002043?
424330
In base 8, what is -204317 + 156?
-204141
In base 8, what is -26 + -5154250?
-5154276
In base 2, what is -1111011011001100001000 + 1101?
-1111011011001011111011
In base 4, what is -321 - -221103232?
221102311
In base 10, what is -8563 - -2201?
-6362
In base 9, what is 1 + -6765214?
-6765213
In base 15, what is -61d6a0 - -4?
-61d69b
In base 16, what is -3 + -1ec4115?
-1ec4118
In base 15, what is -13d + -137a?
-14b8
In base 3, what is 1 + 1211101011021?
1211101011022
In base 8, what is 22 - -22771647?
22771671
In base 5, what is 21323431 - 0?
21323431
In base 3, what is 10011 + -12022001112?
-12021221101
In base 9, what is -88 - 3084162?
-3084261
In base 10, what is -4 - 73171667?
-73171671
In base 12, what is -5 - 46a5473?
-46a5478
In base 11, what is 457 + -a0a3?
-9747
In base 16, what is -19 - 1e4abd?
-1e4ad6
In base 3, what is -20111 + -20010111120?
-20010202001
In base 9, what is -3347 + 87880?
84532
In base 9, what is -25 + 234680?
234654
In base 13, what is -2 + -3411796?
-3411798
In base 15, what is -31d9e - c27?
-32ac6
In base 4, what is -102 + 33123303303?
33123303201
In base 9, what is -233010 + -1251?
-234261
In base 9, wh